 + 4)*100/80. Calculate the highest common factor of n and x.
1
Suppose 0 = x - 2*x + 62. Let c = 218 + 73. Let o = c + -198. Calculate the highest common divisor of x and o.
31
Let a(v) = v**2 - 6*v + 3. Let i be a(-2). What is the highest common divisor of i and 38?
19
Let a be 112 - ((-4)/10)/((-19)/190). What is the highest common factor of 135 and a?
27
Let n = 312 + -564. Let i be ((-12)/18)/(1/n). What is the greatest common divisor of i and 14?
14
Let o be (-3)/((-4)/16 - 105/(-468)). What is the highest common factor of o and 26?
13
Let q be 6/39 + 7 + (-66440)/(-104). Calculate the greatest common factor of 38 and q.
38
Let w = -255 + 331. Calculate the highest common divisor of 114 and w.
38
Suppose -192 = -14*w + 6*w. What is the greatest common divisor of w and 120?
24
Suppose 168 = 2*q + 2*z, -3*q - 3*z - 2*z + 244 = 0. Suppose -c - 3*c + q = 0. Suppose 3*i - 5*i + c = 0. What is the greatest common factor of i and 22?
11
Suppose -4*c = 5 - 1. Let z be 0 + -5*(-3 + c). What is the highest common factor of 140 and z?
20
Let s(b) = -3*b + 3*b - 16 - 4*b + b**2 + 5*b. Let t be s(5). Calculate the greatest common factor of t and 182.
14
Suppose 6*d = 139 + 53. Suppose -2*f + 96 = 2*f. What is the greatest common factor of f and d?
8
Let l = -347 + 431. Let r be (-8 + 2)/(-3) + 2. Let k(d) = 14*d. Let n be k(r). Calculate the greatest common factor of l and n.
28
Suppose -952 = -25*b - 9*b. Calculate the highest common divisor of b and 217.
7
Let y(s) = 234*s - 661. Let o be y(4). What is the greatest common factor of o and 11?
11
Let v(z) = -2*z - 14. Let c be v(-7). Suppose c*y - 5*y = -245. What is the highest common divisor of 7 and y?
7
Let n = -85 - -90. Suppose 3*b - 4*b - 5*o = -3, n*b = -3*o + 81. Calculate the highest common factor of 12 and b.
6
Suppose -3*k - 3*a = -8*a - 312, 0 = -2*k + 3*a + 207. Calculate the highest common factor of 66 and k.
33
Let k be (0 - 160)/(-4) + -2. Suppose 3*z - k = z. What is the highest common factor of z and 95?
19
Suppose 3181 - 3229 = -3*o. Calculate the greatest common divisor of o and 88.
8
Let o(p) = -p**3 + 14*p**2 + 11*p - 6. Let i be o(10). Calculate the highest common factor of i and 56.
56
Let o be 3 + (-34 - -2)/(-4). Let h be o - (0 - (-3 + 6)). Calculate the greatest common factor of 70 and h.
14
Let f(o) = o**3 - 14*o**2 - 22*o + 8. Let w be f(16). What is the greatest common factor of 6 and w?
6
Let o(c) = 3*c**2 - c - 3. Let h = -85 - -83. Let f be o(h). Calculate the highest common factor of f and 143.
11
Suppose 5*k - 15*a + 11*a = 83, 2*k - 36 = 3*a. Let c be (-6)/(-4)*(-60)/(-9). Let s be (-4)/(-10) - (-596)/c. Calculate the highest common factor of s and k.
15
Suppose 7*n + 10*n = 9690. What is the highest common factor of n and 150?
30
Suppose -6*y = -9*y - 5*z + 561, 4*z + 716 = 4*y. Calculate the greatest common factor of 52 and y.
26
Let y(r) = -24*r**3 + 2*r**2 + 12*r + 22. Let i be y(-2). What is the greatest common factor of i and 36?
18
Let z(s) = -182*s - 171. Let u be z(-1). Suppose 3*d - 434 = p, -2*p + p = 5. Calculate the greatest common factor of d and u.
11
Suppose 3*t - 4*l = -43, 2*l = t - 2*l + 17. Let f = 73 + t. Suppose -36 = -0*z - 3*z. Calculate the greatest common divisor of f and z.
12
Suppose -38*b + 11*b = -70794. Calculate the highest common factor of 276 and b.
138
Let g be -6*(-7)/(28/30). Let q(y) = y**3 + 9*y**2 + 10*y + 9. Let w be q(-7). Let s = -19 + w. What is the highest common divisor of s and g?
9
Suppose -134 = -6*z + 34. What is the greatest common factor of 196 and z?
28
Suppose 2*g - 7 = -r, 20 = 4*g - 0*r - 4*r. Suppose g*a = 6*a - 288. What is the greatest common divisor of a and 16?
16
Let r = 13 - 15. Let i be ((-99)/(-6))/(r/(-12)). Calculate the greatest common factor of 66 and i.
33
Suppose 5*g - 983 = -3*h + 808, 3*g - 1083 = h. Suppose g = 4*o + 4*o. What is the greatest common divisor of 9 and o?
9
Suppose -10 = -5*a, 2*i + 3*a - 10 = 6. Let b be (-10)/(-2 + (-8)/(-6)). Suppose -i*o = -2*o - b. What is the highest common divisor of o and 1?
1
Let o = -1198 - -1507. Calculate the greatest common divisor of o and 9.
3
Let q(w) = 8*w + 432. Let a be q(-53). Calculate the greatest common factor of 118 and a.
2
Let l(k) = 0*k**3 + 4 - k**3 + 3*k**2 - 3*k - 6*k**2. Let y = 75 - 78. Let z be l(y). What is the highest common factor of 13 and z?
13
Suppose -111*a + 266 = -92*a. Calculate the greatest common factor of a and 4942.
14
Suppose -4*m + 33 + 11 = -4*p, 4*m + 5*p - 17 = 0. Let f be (-3)/(-12) - (-222)/m. Let c be (-1 + 2)/(2/f). Calculate the greatest common factor of c and 35.
7
Suppose 0 = -x + 3. Let r(h) = -6*h + 30. Let t be r(x). What is the highest common factor of 12 and t?
12
Let u be 1*116/(-2)*-1. Let y = -31 + u. Calculate the greatest common factor of y and 3.
3
Let r(v) = -28*v - 244. Let j be r(-9). Calculate the highest common divisor of 300 and j.
4
Let f = -79 + 81. Let s be (5 - f)/(-1 - -2). What is the greatest common factor of 48 and s?
3
Suppose 2*f + 3*q + 41 = 0, -2*f - 18 = q + 21. Let w = f - -82. Let h be (64/3)/(14/w). Calculate the greatest common factor of h and 12.
12
Let h(t) = 8*t**2 + t - 1. Let b be h(1). Let g be (6/4)/(4/b) + 11. What is the highest common divisor of 14 and g?
14
Suppose -212 - 268 = -40*m. Let b(y) = -14*y + 4. Let o be b(-4). What is the highest common factor of o and m?
12
Suppose -4*n = 2*d - 12, 5*n = d + 9 + 6. Suppose 5*p + 205 = n*g + 49, 0 = 2*p - 2*g + 60. Let o = p + 50. What is the greatest common divisor of 85 and o?
17
Let c = 265 + 72. Suppose -5*r + 13 = -c. What is the greatest common divisor of 35 and r?
35
Let x(r) = -r**3 + 10*r**2 - 4*r - 18. Let v be x(9). What is the highest common factor of 297 and v?
27
Let r(d) = -21*d - 1. Let k be r(-1). Let u be 190/(-4)*(-16)/k. Calculate the highest common factor of 418 and u.
38
Let r = -48 - -65. Let l = -103 + 158. Let x = l - 38. Calculate the highest common factor of x and r.
17
Let c(b) = -b**3 + 6*b**2 - b + 3. Let w be c(6). Let g(n) = 3*n**2 - n - 2. Let h be g(w). Let j = 31 + -24. Calculate the highest common divisor of j and h.
7
Let h be (5 - (-31)/(-5))*-5. Let d(a) = 2*a**2 - 7*a - 7. Let c be d(7). What is the highest common factor of c and h?
6
Let d be ((-90)/10)/(3/(-38)). Let b = d - 66. Calculate the highest common divisor of b and 32.
16
Let u(s) = -s**3 + 3*s**2 + 6*s - 5. Let x be u(-5). Suppose x + 287 = -4*v. Let w = v - -168. Calculate the greatest common divisor of 22 and w.
11
Suppose -60*l - 336 = -76*l. What is the highest common divisor of 1050 and l?
21
Let p = 82 - 46. Let d = -19 - -4. Let k be 74/8 - d/(-60). Calculate the highest common factor of p and k.
9
Suppose 11895 = -100*z + 84095. What is the greatest common divisor of z and 95?
19
Suppose -34 = 5*c - 44. Let b be -8*1*(-35)/28. Calculate the greatest common factor of c and b.
2
Let q = -819 - -1435. What is the highest common factor of 56 and q?
56
Let p = 259 - 131. Let i(b) = 2*b + 10. Let q be i(3). What is the greatest common divisor of q and p?
16
Let s = -7489 + 7494. Let h be -2 + (0 + 1)*0. Let j be (4/6)/(h/(-120)). What is the greatest common divisor of j and s?
5
Let x be 2 + 1/(3/(-15)). Let s be 3/((-9)/(-21)) + x. Suppose m - 5*v - 14 = -s*v, -2*m + v = -29. Calculate the highest common factor of 10 and m.
5
Let p = -170 - -202. Calculate the greatest common divisor of 40 and p.
8
Suppose -10*w + 73 = -7. Calculate the highest common factor of 1 and w.
1
Let f be (-2 - -44)/(-1 + 0). Let l = 59 + f. Suppose 3*x - 367 = 143. What is the highest common divisor of l and x?
17
Let y(w) = w**3 - 13*w**2 + 12*w - 6. Let r(u) = -u**2 + u + 1. Let n(l) = 2*r(l) - y(l). Let i be n(8). Calculate the highest common divisor of i and 15.
15
Suppose -2*j + 3*j + 7 = 2*q, 2*j + 18 = 2*q. Let m = -13 + j. Let x be 1/((3/m)/(-1)). Calculate the highest common divisor of 32 and x.
8
Suppose 0 = -184*c + 228*c - 24332. What is the highest common factor of c and 316?
79
Let r be (168/(-32))/(3/(-48)). Calculate the greatest common divisor of r and 63.
21
Let k be (-7)/(-14)*(-1926)/(-3). Let d = k + -145. What is the highest common factor of d and 16?
16
Let h be 1*2*(4 - 2). Suppose 0 = -g - u + 19, -4*u 